{"id":55,"date":"2012-01-27T15:47:48","date_gmt":"2012-01-27T13:47:48","guid":{"rendered":"http:\/\/www.madricecastronovo.it\/prova\/wordpress\/?page_id=55"},"modified":"2014-10-22T14:30:14","modified_gmt":"2014-10-22T12:30:14","slug":"notizie-sulla-citta-di-castronovo-di-sicilia","status":"publish","type":"page","link":"http:\/\/www.madricecastronovo.arcidiocesi.palermo.it\/wordpress\/?page_id=55","title":{"rendered":"Notizie sulla citt\u00e0 di Castronovo di Sicilia"},"content":{"rendered":"<p><a href=\"http:\/\/www.madricecastronovo.arcidiocesi.palermo.it\/wordpress\/?attachment_id=279\" rel=\"attachment wp-att-279\"><img loading=\"lazy\" class=\"alignnone size-full wp-image-279\" title=\"panorama castronovo\" src=\"http:\/\/www.madricecastronovo.arcidiocesi.palermo.it\/wordpress\/wp-content\/uploads\/panorama-castronovo.jpg\" alt=\"\" width=\"804\" height=\"603\" srcset=\"http:\/\/www.madricecastronovo.arcidiocesi.palermo.it\/wordpress\/wp-content\/uploads\/panorama-castronovo.jpg 804w, http:\/\/www.madricecastronovo.arcidiocesi.palermo.it\/wordpress\/wp-content\/uploads\/panorama-castronovo-300x225.jpg 300w\" sizes=\"(max-width: 804px) 100vw, 804px\" \/><\/a>La fondazione della citt\u00e0 di Castronovo di Sicilia non ha una data ben precisa, ma si ha notizia di insediamenti \u00abin loco\u00bb fin dai tempi preistorici.<br \/>\nLa citt\u00e0 \u00e8 sita oggi a 675 m. sul livello del mare ed \u00e8 sistemata a ridosso dei Monti Kassar e San Vitale.<br \/>\nCon il nome di \u00abCrasto\u00bb assurse a citt\u00e0 nel IV secolo a.C. e fu sede di abitanti sicani.<br \/>\nIl primo insediamento avvenne sull&#8217;altipiano del Monte Kassar e venne distrutto dai romani insieme a Triocla, durante le guerre servili contro i sicani.<br \/>\nDalla ricostruita Crasto riedificata sullo stesso posto dai cittadini, l&#8217;insediamento venne trasferito, per ragioni di sicurezza, prima sull&#8217;altura del Monte San Vitale e poi, per altre ragioni, nell&#8217;odierna posizione.<br \/>\nNella contrada \u00abGrotte\u00bb si trovano anfratti preistorici nei quali si notano tracce di geroglifici e simboli figurativi di epoca sicuramente preistorica (grotte del Capelvenere, di Annibale).<br \/>\nIl nome originario di \u00abCrasto\u00bb venne poi sotto l&#8217;egida di Roma, mutato in Castrum, quindi Kassar o Kars-nubu sotto la dominazione araba ed infine, per i normanni, venne chiamata Castrum-novum o Castronovo. Politicamente al di sopra di ogni fazione per quasi tutti gli anni dalla sua fondazione, fu citt\u00e0 libera e citt\u00e0 capo-Comarca. Solo poche volte, e per pochi decenni, fu soggetta a dominio di signori, che la comprarono da re o vice-re\u00a0 ma i cittadini castronovesi, forti delle loro corporazioni, seppero riscattare a suon di moneta raccolta tra loro in varie sottoscrizioni, la loro indipendenza e seppero ridare alla loro citt\u00e0 la primiera posizione di citt\u00e0 demaniale e libera.<\/p>\n<p>&nbsp;<\/p>\n<p>&nbsp;<\/p>\n","protected":false},"excerpt":{"rendered":"<p>La fondazione della citt\u00e0 di Castronovo di Sicilia non ha una data ben precisa, ma si ha notizia di insediamenti \u00abin loco\u00bb fin dai tempi preistorici. La citt\u00e0 \u00e8 sita oggi a 675 m. sul livello del mare ed \u00e8 sistemata a ridosso dei Monti Kassar e San Vitale. Con il nome di \u00abCrasto\u00bb assurse [&hellip;]<\/p>\n","protected":false},"author":1,"featured_media":0,"parent":0,"menu_order":11,"comment_status":"closed","ping_status":"closed","template":"","meta":[],"_links":{"self":[{"href":"http:\/\/www.madricecastronovo.arcidiocesi.palermo.it\/wordpress\/index.php?rest_route=\/wp\/v2\/pages\/55"}],"collection":[{"href":"http:\/\/www.madricecastronovo.arcidiocesi.palermo.it\/wordpress\/index.php?rest_route=\/wp\/v2\/pages"}],"about":[{"href":"http:\/\/www.madricecastronovo.arcidiocesi.palermo.it\/wordpress\/index.php?rest_route=\/wp\/v2\/types\/page"}],"author":[{"embeddable":true,"href":"http:\/\/www.madricecastronovo.arcidiocesi.palermo.it\/wordpress\/index.php?rest_route=\/wp\/v2\/users\/1"}],"replies":[{"embeddable":true,"href":"http:\/\/www.madricecastronovo.arcidiocesi.palermo.it\/wordpress\/index.php?rest_route=%2Fwp%2Fv2%2Fcomments&post=55"}],"version-history":[{"count":6,"href":"http:\/\/www.madricecastronovo.arcidiocesi.palermo.it\/wordpress\/index.php?rest_route=\/wp\/v2\/pages\/55\/revisions"}],"predecessor-version":[{"id":283,"href":"http:\/\/www.madricecastronovo.arcidiocesi.palermo.it\/wordpress\/index.php?rest_route=\/wp\/v2\/pages\/55\/revisions\/283"}],"wp:attachment":[{"href":"http:\/\/www.madricecastronovo.arcidiocesi.palermo.it\/wordpress\/index.php?rest_route=%2Fwp%2Fv2%2Fmedia&parent=55"}],"curies":[{"name":"wp","href":"https:\/\/api.w.org\/{rel}","templated":true}]}}

Notizie sulla città di Castronovo di Sicilia

<p><a href="http://www.madricecastronovo.arcidiocesi.palermo.it/wordpress/?attachment_id=279" rel="attachment wp-att-279"><img loading="lazy" class="alignnone size-full wp-image-279" title="panorama castronovo" src="http://www.madricecastronovo.arcidiocesi.palermo.it/wordpress/wp-content/uploads/panorama-castronovo.jpg" alt="" width="804" height="603" srcset="http://www.madricecastronovo.arcidiocesi.palermo.it/wordpress/wp-content/uploads/panorama-castronovo.jpg 804w, http://www.madricecastronovo.arcidiocesi.palermo.it/wordpress/wp-content/uploads/panorama-castronovo-300x225.jpg 300w" sizes="(max-width: 804px) 100vw, 804px" /></a>La fondazione della città di Castronovo di Sicilia non ha una data ben precisa, ma si ha notizia di insediamenti «in loco» fin dai tempi preistorici.<br />
La città è sita oggi a 675 m. sul livello del mare ed è sistemata a ridosso dei Monti Kassar e San Vitale.<br />
Con il nome di «Crasto» assurse a città nel IV secolo a.C. e fu sede di abitanti sicani.<br />
Il primo insediamento avvenne sull&#8217;altipiano del Monte Kassar e venne distrutto dai romani insieme a Triocla, durante le guerre servili contro i sicani.<br />
Dalla ricostruita Crasto riedificata sullo stesso posto dai cittadini, l&#8217;insediamento venne trasferito, per ragioni di sicurezza, prima sull&#8217;altura del Monte San Vitale e poi, per altre ragioni, nell&#8217;odierna posizione.<br />
Nella contrada «Grotte» si trovano anfratti preistorici nei quali si notano tracce di geroglifici e simboli figurativi di epoca sicuramente preistorica (grotte del Capelvenere, di Annibale).<br />
Il nome originario di «Crasto» venne poi sotto l&#8217;egida di Roma, mutato in Castrum, quindi Kassar o Kars-nubu sotto la dominazione araba ed infine, per i normanni, venne chiamata Castrum-novum o Castronovo. Politicamente al di sopra di ogni fazione per quasi tutti gli anni dalla sua fondazione, fu città libera e città capo-Comarca. Solo poche volte, e per pochi decenni, fu soggetta a dominio di signori, che la comprarono da re o vice-re  ma i cittadini castronovesi, forti delle loro corporazioni, seppero riscattare a suon di moneta raccolta tra loro in varie sottoscrizioni, la loro indipendenza e seppero ridare alla loro città la primiera posizione di città demaniale e libera.</p>
<p>&nbsp;</p>
<p>&nbsp;</p>

<p>La fondazione della città di Castronovo di Sicilia non ha una data ben precisa, ma si ha notizia di insediamenti «in loco» fin dai tempi preistorici. La città è sita oggi a 675 m. sul livello del mare ed è sistemata a ridosso dei Monti Kassar e San Vitale. Con il nome di «Crasto» assurse [&hellip;]</p>
